{"id":3,"date":"2026-02-25T15:25:22","date_gmt":"2026-02-25T15:25:22","guid":{"rendered":"https:\/\/news.yaritachi.io.vn\/?page_id=3"},"modified":"2026-02-26T12:42:41","modified_gmt":"2026-02-26T12:42:41","slug":"privacy-policy","status":"publish","type":"page","link":"https:\/\/news.yaritachi.io.vn\/index.php\/privacy-policy\/","title":{"rendered":"CH\u00cdNH S\u00c1CH QUY\u1ec0N RI\u00caNG T\u01af (PRIVACY POLICY)"},"content":{"rendered":"\n<p>Ch\u00e0o m\u1eebng b\u1ea1n \u0111\u1ebfn v\u1edbi <strong>news.yaritachi.io.vn<\/strong>. Ch\u00fang t\u00f4i cam k\u1ebft b\u1ea3o v\u1ec7 quy\u1ec1n ri\u00eang t\u01b0 v\u00e0 th\u00f4ng tin c\u00e1 nh\u00e2n c\u1ee7a b\u1ea1n. Ch\u00ednh s\u00e1ch n\u00e0y gi\u1ea3i th\u00edch c\u00e1ch ch\u00fang t\u00f4i thu th\u1eadp, s\u1eed d\u1ee5ng v\u00e0 b\u1ea3o v\u1ec7 d\u1eef li\u1ec7u c\u1ee7a b\u1ea1n khi b\u1ea1n t\u01b0\u01a1ng t\u00e1c v\u1edbi website.<\/p>\n\n\n\n<h2 class=\"wp-block-heading\">1. Ch\u00fang t\u00f4i l\u00e0 ai?<\/h2>\n\n\n\n<p>\u0110\u1ecba ch\u1ec9 website c\u1ee7a ch\u00fang t\u00f4i l\u00e0: <strong><a target=\"_blank\" rel=\"noreferrer noopener\" href=\"https:\/\/news.yaritachi.io.vn\">https:\/\/news.yaritachi.io.vn<\/a><\/strong>.<\/p>\n\n\n\n<h2 class=\"wp-block-heading\">2. D\u1eef li\u1ec7u c\u00e1 nh\u00e2n ch\u00fang t\u00f4i thu th\u1eadp v\u00e0 l\u00fd do thu th\u1eadp<\/h2>\n\n\n\n<h3 class=\"wp-block-heading\">B\u00ecnh lu\u1eadn<\/h3>\n\n\n\n<p>Khi kh\u00e1ch truy c\u1eadp \u0111\u1ec3 l\u1ea1i b\u00ecnh lu\u1eadn tr\u00ean trang web, ch\u00fang t\u00f4i thu th\u1eadp d\u1eef li\u1ec7u \u0111\u01b0\u1ee3c hi\u1ec3n th\u1ecb trong bi\u1ec3u m\u1eabu b\u00ecnh lu\u1eadn, c\u00f9ng v\u1edbi <strong>\u0111\u1ecba ch\u1ec9 IP<\/strong> c\u1ee7a kh\u00e1ch truy c\u1eadp v\u00e0 <strong>chu\u1ed7i nh\u1eadn d\u1ea1ng tr\u00ecnh duy\u1ec7t (user agent)<\/strong> \u0111\u1ec3 h\u1ed7 tr\u1ee3 ph\u00e1t hi\u1ec7n th\u01b0 r\u00e1c (spam).<\/p>\n\n\n\n<p>M\u1ed9t chu\u1ed7i \u1ea9n danh \u0111\u01b0\u1ee3c t\u1ea1o t\u1eeb \u0111\u1ecba ch\u1ec9 email c\u1ee7a b\u1ea1n (c\u00f2n \u0111\u01b0\u1ee3c g\u1ecdi l\u00e0 <strong>hash<\/strong>) c\u00f3 th\u1ec3 \u0111\u01b0\u1ee3c cung c\u1ea5p cho d\u1ecbch v\u1ee5 Gravatar \u0111\u1ec3 xem b\u1ea1n c\u00f3 \u0111ang s\u1eed d\u1ee5ng d\u1ecbch v\u1ee5 n\u00e0y hay kh\u00f4ng. Ch\u00ednh s\u00e1ch b\u1ea3o m\u1eadt c\u1ee7a d\u1ecbch v\u1ee5 Gravatar c\u00f3 t\u1ea1i \u0111\u00e2y: <a target=\"_blank\" rel=\"noreferrer noopener\" href=\"https:\/\/automattic.com\/privacy\/\">https:\/\/automattic.com\/privacy\/<\/a>. Sau khi b\u00ecnh lu\u1eadn c\u1ee7a b\u1ea1n \u0111\u01b0\u1ee3c ph\u00ea duy\u1ec7t, \u1ea3nh h\u1ed3 s\u01a1 c\u1ee7a b\u1ea1n s\u1ebd hi\u1ec3n th\u1ecb c\u00f4ng khai trong ng\u1eef c\u1ea3nh b\u00ecnh lu\u1eadn c\u1ee7a b\u1ea1n.<\/p>\n\n\n\n<h3 class=\"wp-block-heading\">Th\u01b0 vi\u1ec7n h\u00ecnh \u1ea3nh (Media)<\/h3>\n\n\n\n<p>N\u1ebfu b\u1ea1n t\u1ea3i h\u00ecnh \u1ea3nh l\u00ean trang web, b\u1ea1n n\u00ean tr\u00e1nh t\u1ea3i l\u00ean c\u00e1c h\u00ecnh \u1ea3nh c\u00f3 ch\u1ee9a d\u1eef li\u1ec7u v\u1ecb tr\u00ed \u0111\u01b0\u1ee3c nh\u00fang (<strong>EXIF GPS<\/strong>). Kh\u00e1ch truy c\u1eadp v\u00e0o trang web c\u00f3 th\u1ec3 t\u1ea3i xu\u1ed1ng v\u00e0 gi\u1ea3i n\u00e9n b\u1ea5t k\u1ef3 d\u1eef li\u1ec7u v\u1ecb tr\u00ed n\u00e0o t\u1eeb h\u00ecnh \u1ea3nh tr\u00ean trang web c\u1ee7a b\u1ea1n.<\/p>\n\n\n\n<hr class=\"wp-block-separator has-alpha-channel-opacity\"\/>\n\n\n\n<h2 class=\"wp-block-heading\">3. Cookies<\/h2>\n\n\n\n<p>Ch\u00fang t\u00f4i s\u1eed d\u1ee5ng cookie \u0111\u1ec3 t\u1ed1i \u01b0u h\u00f3a tr\u1ea3i nghi\u1ec7m ng\u01b0\u1eddi d\u00f9ng:<\/p>\n\n\n\n<div class=\"wp-block-buttons is-layout-flex wp-block-buttons-is-layout-flex\">\n<div class=\"wp-block-button\"><a class=\"wp-block-button__link wp-element-button\" href=\"https:\/\/news.yaritachi.io.vn\/index.php\/2026\/02\/26\/chinh-sach-cookie-cookie-policy\/\">Chi ti\u1ebft v\u1ec1 ch\u00ednh s\u00e1ch thu th\u1eadp cookie<\/a><\/div>\n<\/div>\n\n\n\n<ul class=\"wp-block-list\">\n<li><strong>Khi \u0111\u1ec3 l\u1ea1i b\u00ecnh lu\u1eadn:<\/strong> B\u1ea1n c\u00f3 th\u1ec3 ch\u1ecdn l\u01b0u t\u00ean, email v\u00e0 \u0111\u1ecba ch\u1ec9 website c\u1ee7a m\u00ecnh trong cookie. \u0110i\u1ec1u n\u00e0y gi\u00fap b\u1ea1n kh\u00f4ng ph\u1ea3i nh\u1eadp l\u1ea1i th\u00f4ng tin nhi\u1ec1u l\u1ea7n khi vi\u1ebft b\u00ecnh lu\u1eadn kh\u00e1c. Nh\u1eefng cookie n\u00e0y s\u1ebd \u0111\u01b0\u1ee3c l\u01b0u tr\u1eef trong <strong>01 n\u0103m<\/strong>.<\/li>\n\n\n\n<li><strong>Khi \u0111\u0103ng nh\u1eadp:<\/strong>\n<ul class=\"wp-block-list\">\n<li>N\u1ebfu b\u1ea1n truy c\u1eadp trang \u0111\u0103ng nh\u1eadp, ch\u00fang t\u00f4i s\u1ebd thi\u1ebft l\u1eadp m\u1ed9t cookie t\u1ea1m th\u1eddi \u0111\u1ec3 x\u00e1c \u0111\u1ecbnh xem tr\u00ecnh duy\u1ec7t c\u1ee7a b\u1ea1n c\u00f3 ch\u1ea5p nh\u1eadn cookie hay kh\u00f4ng. Cookie n\u00e0y kh\u00f4ng ch\u1ee9a d\u1eef li\u1ec7u c\u00e1 nh\u00e2n v\u00e0 s\u1ebd b\u1ecb x\u00f3a khi b\u1ea1n \u0111\u00f3ng tr\u00ecnh duy\u1ec7t.<\/li>\n\n\n\n<li>Khi b\u1ea1n \u0111\u0103ng nh\u1eadp, ch\u00fang t\u00f4i s\u1ebd thi\u1ebft l\u1eadp m\u1ed9t v\u00e0i cookie \u0111\u1ec3 l\u01b0u th\u00f4ng tin \u0111\u0103ng nh\u1eadp v\u00e0 l\u1ef1a ch\u1ecdn hi\u1ec3n th\u1ecb m\u00e0n h\u00ecnh c\u1ee7a b\u1ea1n. Th\u00f4ng tin \u0111\u0103ng nh\u1eadp \u0111\u01b0\u1ee3c l\u01b0u trong <strong>02 ng\u00e0y<\/strong>, v\u00e0 l\u1ef1a ch\u1ecdn hi\u1ec3n th\u1ecb \u0111\u01b0\u1ee3c l\u01b0u trong <strong>01 n\u0103m<\/strong>.<\/li>\n\n\n\n<li>N\u1ebfu b\u1ea1n ch\u1ecdn <strong>&#8220;Ghi nh\u1edb t\u00f4i&#8221;<\/strong>, th\u00f4ng tin \u0111\u0103ng nh\u1eadp s\u1ebd \u0111\u01b0\u1ee3c duy tr\u00ec trong <strong>02 tu\u1ea7n<\/strong>. N\u1ebfu b\u1ea1n \u0111\u0103ng xu\u1ea5t, c\u00e1c cookie \u0111\u0103ng nh\u1eadp s\u1ebd b\u1ecb x\u00f3a.<\/li>\n<\/ul>\n<\/li>\n\n\n\n<li><strong>Khi ch\u1ec9nh s\u1eeda b\u00e0i vi\u1ebft:<\/strong> N\u1ebfu b\u1ea1n s\u1eeda ho\u1eb7c xu\u1ea5t b\u1ea3n m\u1ed9t b\u00e0i vi\u1ebft, m\u1ed9t cookie b\u1ed5 sung s\u1ebd \u0111\u01b0\u1ee3c l\u01b0u trong tr\u00ecnh duy\u1ec7t. Cookie n\u00e0y kh\u00f4ng ch\u1ee9a d\u1eef li\u1ec7u c\u00e1 nh\u00e2n, ch\u1ec9 \u0111\u01a1n gi\u1ea3n l\u00e0 ID c\u1ee7a b\u00e0i vi\u1ebft b\u1ea1n v\u1eeba ch\u1ec9nh s\u1eeda v\u00e0 s\u1ebd h\u1ebft h\u1ea1n sau <strong>24 gi\u1edd<\/strong>.<\/li>\n<\/ul>\n\n\n\n<hr class=\"wp-block-separator has-alpha-channel-opacity\"\/>\n\n\n\n<h2 class=\"wp-block-heading\">4. N\u1ed9i dung nh\u00fang t\u1eeb c\u00e1c website kh\u00e1c<\/h2>\n\n\n\n<p>C\u00e1c b\u00e0i vi\u1ebft tr\u00ean trang web n\u00e0y c\u00f3 th\u1ec3 bao g\u1ed3m n\u1ed9i dung \u0111\u01b0\u1ee3c nh\u00fang (v\u00ed d\u1ee5: video, h\u00ecnh \u1ea3nh, b\u00e0i vi\u1ebft, v.v.). N\u1ed9i dung nh\u00fang t\u1eeb c\u00e1c trang web kh\u00e1c ho\u1ea1t \u0111\u1ed9ng theo c\u00e1ch ch\u00ednh x\u00e1c nh\u01b0 khi b\u1ea1n \u0111\u00e3 truy c\u1eadp tr\u1ef1c ti\u1ebfp trang web \u0111\u00f3.<\/p>\n\n\n\n<p>C\u00e1c website n\u00e0y c\u00f3 th\u1ec3 thu th\u1eadp d\u1eef li\u1ec7u v\u1ec1 b\u1ea1n, s\u1eed d\u1ee5ng cookie, nh\u00fang c\u00e1c tr\u00ecnh theo d\u00f5i c\u1ee7a b\u00ean th\u1ee9 ba v\u00e0 gi\u00e1m s\u00e1t t\u01b0\u01a1ng t\u00e1c c\u1ee7a b\u1ea1n v\u1edbi n\u1ed9i dung nh\u00fang \u0111\u00f3, bao g\u1ed3m c\u1ea3 vi\u1ec7c theo d\u00f5i t\u01b0\u01a1ng t\u00e1c n\u1ebfu b\u1ea1n c\u00f3 t\u00e0i kho\u1ea3n v\u00e0 \u0111\u00e3 \u0111\u0103ng nh\u1eadp v\u00e0o trang web \u0111\u00f3.<\/p>\n\n\n\n<hr class=\"wp-block-separator has-alpha-channel-opacity\"\/>\n\n\n\n<h2 class=\"wp-block-heading\">5. Ch\u00fang t\u00f4i chia s\u1ebb d\u1eef li\u1ec7u c\u1ee7a b\u1ea1n v\u1edbi ai?<\/h2>\n\n\n\n<p>Ch\u00fang t\u00f4i kh\u00f4ng b\u00e1n d\u1eef li\u1ec7u c\u1ee7a b\u1ea1n cho b\u00ean th\u1ee9 ba. Tuy nhi\u00ean, trong tr\u01b0\u1eddng h\u1ee3p b\u1ea1n y\u00eau c\u1ea7u \u0111\u1eb7t l\u1ea1i m\u1eadt kh\u1ea9u, <strong>\u0111\u1ecba ch\u1ec9 IP<\/strong> c\u1ee7a b\u1ea1n s\u1ebd \u0111\u01b0\u1ee3c bao g\u1ed3m trong email g\u1eedi l\u1ea1i m\u1eadt kh\u1ea9u v\u00ec l\u00fd do b\u1ea3o m\u1eadt.<\/p>\n\n\n\n<h2 class=\"wp-block-heading\">6. Th\u1eddi gian ch\u00fang t\u00f4i l\u01b0u tr\u1eef d\u1eef li\u1ec7u<\/h2>\n\n\n\n<ul class=\"wp-block-list\">\n<li><strong>B\u00ecnh lu\u1eadn:<\/strong> N\u1ebfu b\u1ea1n \u0111\u1ec3 l\u1ea1i b\u00ecnh lu\u1eadn, b\u00ecnh lu\u1eadn v\u00e0 d\u1eef li\u1ec7u th\u1ef1c th\u1ec3 c\u1ee7a n\u00f3 s\u1ebd \u0111\u01b0\u1ee3c gi\u1eef l\u1ea1i <strong>v\u00f4 th\u1eddi h\u1ea1n<\/strong>. \u0110i\u1ec1u n\u00e0y gi\u00fap ch\u00fang t\u00f4i c\u00f3 th\u1ec3 t\u1ef1 \u0111\u1ed9ng nh\u1eadn ra v\u00e0 ph\u00ea duy\u1ec7t b\u1ea5t k\u1ef3 b\u00ecnh lu\u1eadn ti\u1ebfp theo n\u00e0o thay v\u00ec gi\u1eef ch\u00fang trong h\u00e0ng \u0111\u1ee3i ki\u1ec3m duy\u1ec7t.<\/li>\n\n\n\n<li><strong>Ng\u01b0\u1eddi d\u00f9ng \u0111\u0103ng k\u00fd:<\/strong> \u0110\u1ed1i v\u1edbi nh\u1eefng ng\u01b0\u1eddi d\u00f9ng \u0111\u0103ng k\u00fd tr\u00ean trang web c\u1ee7a ch\u00fang t\u00f4i (n\u1ebfu c\u00f3), ch\u00fang t\u00f4i l\u01b0u tr\u1eef th\u00f4ng tin c\u00e1 nh\u00e2n m\u00e0 h\u1ecd cung c\u1ea5p trong h\u1ed3 s\u01a1 ng\u01b0\u1eddi d\u00f9ng. T\u1ea5t c\u1ea3 ng\u01b0\u1eddi d\u00f9ng c\u00f3 th\u1ec3 xem, ch\u1ec9nh s\u1eeda ho\u1eb7c x\u00f3a th\u00f4ng tin c\u00e1 nh\u00e2n c\u1ee7a h\u1ecd b\u1ea5t k\u1ef3 l\u00fac n\u00e0o (ngo\u1ea1i tr\u1eeb vi\u1ec7c thay \u0111\u1ed5i t\u00ean ng\u01b0\u1eddi d\u00f9ng). Qu\u1ea3n tr\u1ecb vi\u00ean trang web c\u0169ng c\u00f3 th\u1ec3 xem v\u00e0 ch\u1ec9nh s\u1eeda th\u00f4ng tin \u0111\u00f3.<\/li>\n<\/ul>\n\n\n\n<hr class=\"wp-block-separator has-alpha-channel-opacity\"\/>\n\n\n\n<h2 class=\"wp-block-heading\">7. C\u00e1c quy\u1ec1n c\u1ee7a b\u1ea1n \u0111\u1ed1i v\u1edbi d\u1eef li\u1ec7u c\u00e1 nh\u00e2n<\/h2>\n\n\n\n<p>N\u1ebfu b\u1ea1n c\u00f3 t\u00e0i kho\u1ea3n tr\u00ean trang web n\u00e0y ho\u1eb7c \u0111\u00e3 \u0111\u1ec3 l\u1ea1i b\u00ecnh lu\u1eadn, b\u1ea1n c\u00f3 quy\u1ec1n:<\/p>\n\n\n\n<ol start=\"1\" class=\"wp-block-list\">\n<li>Y\u00eau c\u1ea7u nh\u1eadn t\u1ec7p xu\u1ea5t d\u1eef li\u1ec7u c\u00e1 nh\u00e2n m\u00e0 ch\u00fang t\u00f4i l\u01b0u gi\u1eef v\u1ec1 b\u1ea1n, bao g\u1ed3m m\u1ecdi d\u1eef li\u1ec7u b\u1ea1n \u0111\u00e3 cung c\u1ea5p.<\/li>\n\n\n\n<li>Y\u00eau c\u1ea7u ch\u00fang t\u00f4i x\u00f3a m\u1ecdi d\u1eef li\u1ec7u c\u00e1 nh\u00e2n m\u00e0 ch\u00fang t\u00f4i l\u01b0u gi\u1eef v\u1ec1 b\u1ea1n.<\/li>\n<\/ol>\n\n\n\n<blockquote class=\"wp-block-quote is-layout-flow wp-block-quote-is-layout-flow\">\n<p><strong>L\u01b0u \u00fd:<\/strong> \u0110i\u1ec1u n\u00e0y kh\u00f4ng bao g\u1ed3m b\u1ea5t k\u1ef3 d\u1eef li\u1ec7u n\u00e0o ch\u00fang t\u00f4i c\u00f3 ngh\u0129a v\u1ee5 gi\u1eef l\u1ea1i cho c\u00e1c m\u1ee5c \u0111\u00edch h\u00e0nh ch\u00ednh, ph\u00e1p l\u00fd ho\u1eb7c b\u1ea3o m\u1eadt.<\/p>\n<\/blockquote>\n\n\n\n<h2 class=\"wp-block-heading\">8. D\u1eef li\u1ec7u c\u1ee7a b\u1ea1n \u0111\u01b0\u1ee3c g\u1eedi \u0111\u1ebfn \u0111\u00e2u?<\/h2>\n\n\n\n<p>C\u00e1c b\u00ecnh lu\u1eadn c\u1ee7a kh\u00e1ch c\u00f3 th\u1ec3 \u0111\u01b0\u1ee3c ki\u1ec3m tra th\u00f4ng qua d\u1ecbch v\u1ee5 ph\u00e1t hi\u1ec7n th\u01b0 r\u00e1c (spam) t\u1ef1 \u0111\u1ed9ng \u0111\u1ec3 \u0111\u1ea3m b\u1ea3o an to\u00e0n cho h\u1ec7 th\u1ed1ng.<\/p>\n","protected":false},"excerpt":{"rendered":"<p>Ch\u00e0o m\u1eebng b\u1ea1n \u0111\u1ebfn v\u1edbi news.yaritachi.io.vn. Ch\u00fang t\u00f4i cam k\u1ebft b\u1ea3o v\u1ec7 quy\u1ec1n ri\u00eang t\u01b0 v\u00e0 th\u00f4ng tin c\u00e1 nh\u00e2n c\u1ee7a b\u1ea1n. Ch\u00ednh s\u00e1ch n\u00e0y gi\u1ea3i th\u00edch c\u00e1ch ch\u00fang t\u00f4i thu th\u1eadp, s\u1eed d\u1ee5ng v\u00e0 b\u1ea3o v\u1ec7 d\u1eef li\u1ec7u c\u1ee7a&#8230;<\/p>\n","protected":false},"author":1,"featured_media":999999,"parent":0,"menu_order":0,"comment_status":"closed","ping_status":"open","template":"","meta":{"footnotes":""},"class_list":["post-3","page","type-page","status-publish","has-post-thumbnail","hentry"],"_links":{"self":[{"href":"https:\/\/news.yaritachi.io.vn\/index.php\/wp-json\/wp\/v2\/pages\/3","targetHints":{"allow":["GET"]}}],"collection":[{"href":"https:\/\/news.yaritachi.io.vn\/index.php\/wp-json\/wp\/v2\/pages"}],"about":[{"href":"https:\/\/news.yaritachi.io.vn\/index.php\/wp-json\/wp\/v2\/types\/page"}],"author":[{"embeddable":true,"href":"https:\/\/news.yaritachi.io.vn\/index.php\/wp-json\/wp\/v2\/users\/1"}],"replies":[{"embeddable":true,"href":"https:\/\/news.yaritachi.io.vn\/index.php\/wp-json\/wp\/v2\/comments?post=3"}],"version-history":[{"count":2,"href":"https:\/\/news.yaritachi.io.vn\/index.php\/wp-json\/wp\/v2\/pages\/3\/revisions"}],"predecessor-version":[{"id":150,"href":"https:\/\/news.yaritachi.io.vn\/index.php\/wp-json\/wp\/v2\/pages\/3\/revisions\/150"}],"wp:featuredmedia":[{"embeddable":true,"href":"https:\/\/news.yaritachi.io.vn\/index.php\/wp-json\/"}],"wp:attachment":[{"href":"https:\/\/news.yaritachi.io.vn\/index.php\/wp-json\/wp\/v2\/media?parent=3"}],"curies":[{"name":"wp","href":"https:\/\/api.w.org\/{rel}","templated":true}]}}